der when 2830648 is divided by 30?
28
Calculate the remainder when 446 is divided by 34.
4
Calculate the remainder when 144461 is divided by 6.
5
What is the remainder when 199740 is divided by 66571?
27
Calculate the remainder when 5827 is divided by 101.
70
Calculate the remainder when 2008137 is divided by 11.
10
Calculate the remainder when 559381 is divided by 32.
21
Calculate the remainder when 641 is divided by 512.
129
What is the remainder when 293465 is divided by 146726?
13
What is the remainder when 106742 is divided by 376?
334
Calculate the remainder when 3392 is divided by 1521.
350
Calculate the remainder when 7251 is divided by 1902.
1545
What is the remainder when 326304 is divided by 730?
724
Calculate the remainder when 90888 is divided by 13.
5
What is the remainder when 7533 is divided by 1329?
888
Calculate the remainder when 357418 is divided by 14.
12
What is the remainder when 35869 is divided by 5118?
43
What is the remainder when 1485 is divided by 136?
125
What is the remainder when 597 is divided by 12?
9
What is the remainder when 1484727 is divided by 1215?
1212
What is the remainder when 7681 is divided by 13?
11
What is the remainder when 6849 is divided by 2130?
459
Calculate the remainder when 8461 is divided by 201.
19
What is the remainder when 87537 is divided by 305?
2
What is the remainder when 37375 is divided by 445?
440
What is the remainder when 1008 is divided by 87?
51
Calculate the remainder when 4317 is divided by 154.
5
What is the remainder when 6668 is divided by 21?
11
Calculate the remainder when 8920 is divided by 964.
244
What is the remainder when 4674 is divided by 759?
120
What is the remainder when 207760 is divided by 903?
70
Calculate the remainder when 15539 is divided by 611.
264
What is the remainder when 9223737 is divided by 620?
617
What is the remainder when 30706 is divided by 1300?
806
Calculate the remainder when 2639 is divided by 238.
21
What is the remainder when 9245 is divided by 288?
29
Calculate the remainder when 5489 is divided by 218.
39
Calculate the remainder when 61670 is divided by 506.
444
What is the remainder when 667 is divided by 264?
139
Calculate the remainder when 80732 is divided by 37.
35
What is the remainder when 1734 is divided by 572?
18
What is the remainder when 8563 is divided by 26?
9
Calculate the remainder when 610 is divided by 98.
22
What is the remainder when 207 is divided by 186?
21
Calculate the remainder when 5341 is divided by 48.
13
What is the remainder when 79814 is divided by 159?
155
Calculate the remainder when 22060 is divided by 315.
10
Calculate the remainder when 22591 is divided by 40.
31
What is the remainder when 21779 is divided by 17?
2
Calculate the remainder when 265806 is divided by 31.
12
Calculate the remainder when 2821 is divided by 480.
421
What is the remainder when 29035 is divided by 1451?
15
Calculate the remainder when 49178 is divided by 26.
12
What is the remainder when 1619 is divided by 309?
74
Calculate the remainder when 377 is divided by 40.
17
What is the remainder when 2349 is divided by 13?
9
What is the remainder when 7071 is divided by 2460?
2151
Calculate the remainder when 1151 is divided by 1140.
11
What is the remainder when 26896 is divided by 1412?
68
Calculate the remainder when 15521 is divided by 4680.
1481
What is the remainder when 4804 is divided by 1483?
355
What is the remainder when 210625 is divided by 50?
25
Calculate the remainder when 2059328 is divided by 66.
62
What is the remainder when 137585 is divided by 109?
27
Calculate the remainder when 2308 is divided by 218.
128
What is the remainder when 11598 is divided by 16?
14
Calculate the remainder when 39122 is divided by 11.
6
What is the remainder when 25808 is divided by 3621?
461
What is the remainder when 2654 is divided by 255?
104
What is the remainder when 2574 is divided by 264?
198
What is the remainder when 734687 is divided by 72?
71
What is the remainder when 1682 is divided by 93?
8
What is the remainder when 10352 is divided by 5145?
62
Calculate the remainder when 390 is divided by 69.
45
Calculate the remainder when 172423 is divided by 121.
119
What is the remainder when 1142 is divided by 1104?
38
What is the remainder when 443 is divided by 56?
51
What is the remainder when 812 is divided by 147?
77
What is the remainder when 1201 is divided by 352?
145
Calculate the remainder when 4112 is divided by 36.
8
Calculate the remainder when 10185 is divided by 232.
209
What is the remainder when 13951 is divided by 2744?
231
What is the remainder when 9152 is divided by 908?
72
What is the remainder when 117883 is divided by 271?
269
What is the remainder when 10736 is divided by 893?
20
What is the remainder when 42499 is divided by 71?
41
Calculate the remainder when 3561 is divided by 42.
33
What is the remainder when 4061 is divided by 1006?
37
Calculate the remainder when 841 is divided by 65.
61
Calculate the remainder when 6866 is divided by 768.
722
What is the remainder when 25423 is divided by 652?
647
Calculate the remainder when 8928 is divided by 736.
96
What is the remainder when 2372 is divided by 582?
44
What is the remainder when 4722 is divided by 25?
22
Calculate the remainder when 2755 is divided by 2749.
6
Calculate the remainder when 2685 is divided by 191.
11
Calculate the remainder when 4986 is divided by 1245.
6
Calculate the remainder when 22845 is divided by 71.
54
Calculate the remainder when 2893 is divided by 820.
433
Calculate the remainder when 3581 is divided by 179.
1
What is the remainder when 57634 is divided by 27?
16
What is the remainder when 5517 is divided by 184?
181
What is the remainder when 3421 is divided by 554?
97
Calculate the remainder when 230953 is divided by 89.
87
Calculate the remainder when 161 is divided by 12.
5
What is the remainder when 33445 is divided by 4176?
37
Calculate the remainder when 19955 is divided by 115.
60
What is the remainder when 142472 is divided by 1261?
1240
Calculate the remainder when 1972 is divided by 17.
0
Calculate the remainder when 14375 is divided by 32.
7
What is the remainder when 14705 is divided by 687?
278
Calculate the remainder when 113520 is divided by 53.
47
Calculate the remainder when 140002 is divided by 791.
786
Calculate the remainder when 17750 is divided by 2867.
548
What is the remainder when 272232 is divided by 2078?
14
What is the remainder when 12437 is divided by 1130?
7
Calculate the remainder when 41545 is divided by 17.
14
Calculate the remainder when 61205 is divided by 14.
11
What is the remainder when 49070 is divided by 463?
455
What is the remainder when 9806 is divided by 24?
14
What is the remainder when 11656 is divided by 2003?
1641
What is the remainder when 278 is divided by 173?
105
Calculate the remainder when 21348 is divided by 2660.
68
Calculate the remainder when 1621 is divided by 1107.
514
What is the remainder when 1615 is divided by 779?
57
Calculate the remainder when 81532 is divided by 540.
532
What is the remainder when 38088 is divided by 18974?
140
What is the remainder when 4895 is divided by 213?
209
What is the remainder when 125958 is divided by 5997?
21
Calculate the remainder when 250207 is divided by 12510.
7
Calculate the remainder when 2125786 is divided by 61.
58
Calculate the remainder when 9169 is divided by 179.
40
What is the remainder when 189220 is divided by 11?
9
Calculate the remainder when 2295 is divided by 2274.
21
Calculate the remainder when 11939 is divided by 2925.
239
Calculate the remainder when 1288 is divided by 88.
56
Calculate the remainder when 18066 is divided by 49.
34
What is the remainder when 545433 is divided by 278?
275
What is the remainder when 182062 is divided by 22753?
38
What is the remainder when 4920 is divided by 490?
20
What is the remainder when 1208843 is divided by 1066?
1065
Calculate the remainder when 20348 is divided by 678.
8
What is the remainder when 22058 is divided by 175?
8
Calculate the remainder when 76234 is divided by 786.
778
Calculate the remainder when 94189 is divided by 14.
11
What is the remainder when 466 is divided by 131?
73
What is the remainder when 103142 is divided by 44?
6
Calculate 